 - 28. Let q(j) = -j**3 + 5*j**2 + j - 2. Calculate q(y).
3
Let d(q) = 11*q**2 - 2*q**2 - q**3 - 5 - 7*q + 0 - 5. Let o be d(8). Let c be (-28)/12 - o/6. Let p(f) = f**3 + 3*f**2 - 2. Calculate p(c).
2
Let i(r) = 5 + 9 + r**3 + 0*r**3 + 4*r**2 - 7. Calculate i(-5).
-18
Let u(o) = 11*o**2 - o - 1. Suppose z = -5*q - 1, 2*z + 4*q + 2 + 0 = 0. Calculate u(z).
11
Let b(a) be the third derivative of -a**9/60480 + a**8/5040 - a**6/240 + a**5/15 + 6*a**2. Let n(r) be the third derivative of b(r). Determine n(4).
-3
Let q(h) = h**3 + 4*h**2 - h - 5. Let m be q(-4). Let u(z) = -7*z**3 - 2*z**2 + 1. Give u(m).
6
Let i(x) = -x + 8. Let w be 7/5 + -1 + 22/(-55). What is i(w)?
8
Let l be (2 - 1)/(-4 + 92/24). Suppose -7*p + 2*p = 5. Let m(v) = 2*v**2 + 7*v + 6. Let n(g) = g**2 + g. Let j(f) = p*n(f) + m(f). Give j(l).
6
Let s(k) be the third derivative of -2/3*k**3 + 1/8*k**4 + 0 + 0*k - 4*k**2. Let f(c) = -c**2 - 6*c + 4. Let p be f(-6). Calculate s(p).
8
Let m = -15 - -21. Let j(d) = -d**3 + 7*d**2 - 7*d + 6. What is j(m)?
0
Let x(l) = 13*l**2 - 1 + 1 - 14*l**2 - l - 2. Determine x(0).
-2
Let b(s) = 2 + 4*s + 0 - 1. Suppose 2*w - 8 = -2. Let o = w + -2. What is b(o)?
5
Suppose 4*c = 5*h + 26, -2*c + 14 = -2*h - h. Let v = h + 12. Suppose -d + v = -3*d. Let m(z) = z**3 + 4*z**2 - 7*z - 4. Calculate m(d).
6
Let j be (3/(-7))/((-11)/77). Let o(f) = -f**3 + 2*f**2 + 4*f. Give o(j).
3
Let t(q) = 7*q**2 + 10*q + 1 - q**3 + 14*q - 29*q. Suppose 0 = v - 3*v - 4*x + 20, -x = -2*v + 10. Calculate t(v).
7
Let k(f) = -f - 2*f - 9 + 16. Give k(5).
-8
Let a(n) = n**2 + 3*n - 7. Let v be -2 + -2 + (-8)/8. Calculate a(v).
3
Suppose 3*y + 6 + 3 = 0. Let j(l) = l**3 + l**2 - 2*l - 2. What is j(y)?
-14
Let b(f) = -2*f - 9. Let s(q) = q + 5. Let m(p) = 6*b(p) + 11*s(p). Determine m(-4).
5
Let y = 2 + 0. Let t(s) = y + 0 - 4 - s - 2. Give t(-6).
2
Let l(s) = -s**3 - 8*s**2 + 10. Let f(k) = -k**3 + k**2 + 6*k - 8. Let x be f(3). Calculate l(x).
10
Let a(u) be the first derivative of -u**2/2 + 2*u + 1. Let q(d) = -d**2 + 5*d + d**3 - 3*d - 4*d**2 - 7. Let o be q(5). Calculate a(o).
-1
Suppose 0*r - 3*r = 9. Let q(n) = -n**3 - 4*n**2 + 4. Determine q(r).
-5
Suppose 5*h = 8 + 12. Let d(w) = -7*w**2 + 10*w - 3. Let q(o) = 6*o**2 - 9*o + 3. Let r(a) = -5*d(a) - 6*q(a). Determine r(h).
-3
Let r(t) be the second derivative of 1/12*t**4 + 0 - 2*t**2 + t - 1/6*t**3. Determine r(0).
-4
Let d(c) = 2 - 14*c**2 + 29*c**2 - 14*c**2 + c. Let q = -2 + 3. Let k be -1 - (q + -1) - -1. Give d(k).
2
Let b = 18 - 10. Let d(w) = w**2 - 6*w - 4. Give d(b).
12
Suppose 0 = -11*p + 6*p - 40. Let i(t) = -t**3 - 7*t**2 + 6*t. What is i(p)?
16
Let f(v) = -v**3 + 11*v**2 - 12*v + 15. Let l(a) = 11*a**3 + a**2 - 2*a. Let u be l(1). Determine f(u).
-5
Let p(g) = -g. Let y(t) = t + 1. Let m(x) = 4*x - 3. Let s(d) = -m(d) - 4*y(d). Let k(u) = -3*p(u) - s(u). Determine k(1).
12
Let t(h) = 17*h**2 - 3 - 3*h**2 - 3*h - 13*h**2 - 2*h. Determine t(5).
-3
Let v(m) be the first derivative of -m**2 + 6*m - 13. Determine v(4).
-2
Let h(c) = -2*c + 13 - 16 + 0*c + c**2. Let n be h(3). Let d(r) = -5*r**2 + 7*r - 4. Let s(u) = 4*u**2 - 6*u + 4. Let f(t) = -5*d(t) - 6*s(t). Determine f(n).
-4
Let j(g) be the first derivative of -5*g**3/3 + g**2 + g + 35. Determine j(-1).
-6
Let x(d) = -3*d**3 - 5*d**2 - 4*d - 9. Let g(i) = i**3 + 1. Let w(o) = 4*g(o) + x(o). Let j be (-8)/(-28) - 40/(-7). Calculate w(j).
7
Let a(q) = -7*q - 1. Suppose 0*o = -4*o. Suppose -4*f = -o*f - 16. Suppose -2*i - 4 = f*g, 7*i = 3*i. Determine a(g).
6
Let o be ((-1)/(-4))/(9/36). Let m be o + (-3)/((-3)/(-4)). Let h(n) = -3*n**2 + 1 + 2*n - 6*n + n**2. Calculate h(m).
-5
Let z = 5 + -2. Let c(o) = 3*o - 6*o + 2*o**2 - 2*o + o**3 - 4*o**2 + 3. Determine c(z).
-3
Let k(w) = 6*w - 5*w + w**3 - 6 + 4. Let m(c) = -6*c + 2*c + 2*c. Let p be m(-1). Give k(p).
8
Let o(t) = 3*t + 0*t - 5 + t - t**2. Let f be 3/(-3) - (0 - 5). Let r be o(f). Let l(u) = u**3 + 5*u**2 + u + 7. Calculate l(r).
2
Let b = -5 - -2. Let v be (-2 - 0 - b)*4. Let p(z) = -z**3 + 4*z**2 + z - 2. Determine p(v).
2
Let v be 3/9*-1*-30. Suppose -2*s = -5*f - v - 5, 21 = 4*s - f. Let g(y) = y**2 - 6*y - 4. Give g(s).
-9
Let a = 1 - -1. Suppose 2*c + 0*c = -a. Let v(j) be the second derivative of -4*j**3/3 - j**2/2 - 4*j. Determine v(c).
7
Let n(r) = 7*r - 2. Suppose -v + 4*c - 1 = -11, -v = -3*c - 7. Give n(v).
-16
Let n(u) be the second derivative of -u**4/24 + 5*u**3/6 + 5*u**2/2 + 4*u. Let t(y) be the first derivative of n(y). Determine t(4).
1
Let r be -3 - (-15)/(-6)*-2. Let w = -1 + 3. Let d(v) = 0*v + 0*v**w - 5*v + r*v**2 + 4. Calculate d(3).
7
Let z(u) = -5*u**2 - 3*u + 8. Let q(x) = -12 - 5 + 6*x - x**2 + 12*x**2. Let a(c) = -4*q(c) - 9*z(c). Calculate a(-3).
-4
Let c(f) = 2*f - 11. Let d be c(6). Let n(b) = 3*b**3 - 2*b**2 + b. Give n(d).
2
Let i(c) be the second derivative of 3*c**5/10 - c**2/2 - 10*c. Give i(1).
5
Let p(k) = 6*k**3 - k + 1. Suppose 0 = -4*l + l + 9. Let y = 4 - l. Give p(y).
6
Suppose 19 = -2*l + 7. Let s(o) = o**3 + 6*o**2 - 2*o - 8. Give s(l).
4
Suppose -2 = -4*z - 26. Let p(b) = b**3 + 5*b**2 - 6*b + 8. Give p(z).
8
Let p be 18/15*1/(2/5). Let o(h) = h**3 - 4*h**2 + 5*h - 3. Calculate o(p).
3
Let o = 16 + -11. Suppose n = -n. Suppose 2*l = n, -4*k = -0*l + o*l - 20. Let z(t) = -t**2 + 4*t + 5. Give z(k).
0
Let a = -13 - -13. Let m(j) = a*j**2 + 4*j - 7*j**2 + 5*j**2 - j. Calculate m(3).
-9
Suppose -4*t - 9 = -29. Let q(o) = o**3 - 5*o**2 + 7*o - 7. What is q(t)?
28
Let z(x) = x**2 - 5*x + 3. Let m be z(3). Let p(u) be the first derivative of u**3/3 + 3*u**2/2 + 1. Calculate p(m).
0
Let t(j) = -j. Suppose 5*w - 45 = -3*g, -3*w - g + 13 = -2*g. Suppose -w*o - 9 = -5*o. Let b be o/3 + (-4)/(-2). What is t(b)?
1
Let p = 3 - 3. Let r = 6 - 2. Let n(c) = -c**2 + 5*c - r*c - 2 - 3. Calculate n(p).
-5
Let s(d) = -d**2 + 13*d + 2*d - 5*d. What is s(7)?
21
Let o(p) = 0 - 2*p + 1 + 2*p**2 + p. Suppose -w = -3*t + 2, 4*t - 7 = -4*w + 1. Let g be o(w). Let i(b) = b**3 - 4*b**2 + b - 1. Calculate i(g).
-7
Let g(n) = n**3 + 4*n**2 + 2*n - 2. Suppose 4*o - 3 = 1. Let i be 2/(o*(1 - 2)). What is g(i)?
2
Let k(d) = -d**3 + 150*d - 7*d**2 + 144*d - 295*d - 5. Determine k(-7).
2
Let p(w) = -w**2 - 5*w + 3. Let m be p(-5). Let c(a) = 6*a + 0*a - 1 - m*a - 2*a. Let r(q) = q**3 - 7*q**2 + 7*q - 9. Let b be r(6). Give c(b).
-4
Suppose 0 = -3*d - d + 8. Let v(p) = 0*p + d*p + 3*p + 4 - 4*p. Give v(4).
8
Let i(f) be the second derivative of -f**3/6 - f**2/2 - 4*f. Let n = -7 + 11. Suppose 5*p - 5 = -b - b, 26 = -n*b + 2*p. Give i(b).
4
Let k(p) be the second derivative of -p**5/10 + p**4/6 - p**3/6 + p**2/2 - 11*p. Calculate k(2).
-9
Suppose -12 = -5*a + a. Suppose -p - 1 = -i, -4*i = -a*p - 9 + 3. Let d(m) = -m**2 - m**2 - 6*m + 3*m**p. Calculate d(5).
-5
Let o(k) = k**3 + 7*k - 2. Let q(a) = a**3 - a**2 + 6*a - 2. Let j(h) = -2*o(h) + 3*q(h). Determine j(2).
2
Suppose -4*n + 2*n - 4 = -k, 3*k = n + 12. Let w(j) = -j + 3*j + 3*j - 4 + n*j - j**2. Calculate w(3).
2
Let o(z) = -4 - z - 3 + 3. Suppose 3*s + g - 28 = -g, s + 4*g - 26 = 0. Let j(u) = u**2 - 7*u + 1. Let l be j(s). What is o(l)?
1
Let u(r) = -r - 1. Suppose 5 = 7*d - 2*d. Calculate u(d).
-2
Let w(b) be the first derivative of -11 + 1/3*b**3 + 2*b**2 - 5*b. Suppose -2*j + 4 = 14. Determine w(j).
0
Let r(l) = -2 - 3*l**2 - 4*l - 2 + 1. Suppose -5*a = i - 19, -29 = -3*a + 3*i - 8*i. Suppose b = a*n + 6*b + 6, -8 = 4*n + 2*b. What is r(n)?
-7
Let a(q) = -2*q - 1. Let d(c) = -c**3 - 3*c**2 + 6*c + 4. Let h = -1 - 3. Let g be d(h). Let r be 0 - (2 + -1 + g). Calculate a(r).
-7
Let a(q) = -q - 3. Let j be a(-5). Let d(z) = z**3 - 3*z**2 + j*z**2 + 4 + 0*z**2 - 1. Calculate d(0).
3
Let w be (-1*(-2)/4)/((-6)/(-12)). Let k(q) = -4*q**3 + 2*q**2 - 1. Calculate k(w).
-3
Let w(a) be the second derivative of -a**5/20 + a**4/6 + a**3/6 - 26*a. Calculate w(2).
2
Let c(r) = 9*r - 4*r - 8*r + 0*r - r**2. Calculate c(-4).
-4
Let a(t) = 6*t - 17. Let z be a(7). Suppose -3 = -4*c + z. Let f(i) = -i + 6. Determine f(c).
-1
Suppose 2*v = 2*t + 12, 2*t + 2*t = 2*v - 26. Let l(m) = -m - 17. Give l(t).
-10
Let q(m) = m**2 - m. Let l(d) = -d - 1. Let w be l(1). Give q(w).
6
Suppose -6 = -4*y + 2. Let m(n) = 0*n**2 + 5*n**2 + n**y - n**2. Give